{"id":1564,"date":"2016-04-26T18:50:48","date_gmt":"2016-04-26T18:50:48","guid":{"rendered":"http:\/\/etab.cl\/clases\/uchile\/obj-tec\/?page_id=1564"},"modified":"2016-05-11T02:05:19","modified_gmt":"2016-05-11T02:05:19","slug":"at2016-c4","status":"publish","type":"page","link":"https:\/\/clases.etab.cl\/?page_id=1564","title":{"rendered":"AT2016: C4"},"content":{"rendered":"<p>En esta secci\u00f3n vimos las propuestas de aplicaci\u00f3n de los circuitos 555 y Vumetro que deber\u00e1n ser entregadas la pr\u00f3xima clase.<\/p>\n","protected":false},"excerpt":{"rendered":"<p>En esta secci\u00f3n vimos las propuestas de aplicaci\u00f3n de los circuitos 555 y Vumetro que deber\u00e1n ser entregadas la pr\u00f3xima clase.<\/p>\n","protected":false},"author":1,"featured_media":0,"parent":1496,"menu_order":0,"comment_status":"closed","ping_status":"closed","template":"","meta":{"_acf_changed":false,"footnotes":""},"class_list":["post-1564","page","type-page","status-publish","hentry"],"acf":[],"_links":{"self":[{"href":"https:\/\/clases.etab.cl\/index.php?rest_route=\/wp\/v2\/pages\/1564","targetHints":{"allow":["GET"]}}],"collection":[{"href":"https:\/\/clases.etab.cl\/index.php?rest_route=\/wp\/v2\/pages"}],"about":[{"href":"https:\/\/clases.etab.cl\/index.php?rest_route=\/wp\/v2\/types\/page"}],"author":[{"embeddable":true,"href":"https:\/\/clases.etab.cl\/index.php?rest_route=\/wp\/v2\/users\/1"}],"replies":[{"embeddable":true,"href":"https:\/\/clases.etab.cl\/index.php?rest_route=%2Fwp%2Fv2%2Fcomments&post=1564"}],"version-history":[{"count":1,"href":"https:\/\/clases.etab.cl\/index.php?rest_route=\/wp\/v2\/pages\/1564\/revisions"}],"predecessor-version":[{"id":1565,"href":"https:\/\/clases.etab.cl\/index.php?rest_route=\/wp\/v2\/pages\/1564\/revisions\/1565"}],"up":[{"embeddable":true,"href":"https:\/\/clases.etab.cl\/index.php?rest_route=\/wp\/v2\/pages\/1496"}],"wp:attachment":[{"href":"https:\/\/clases.etab.cl\/index.php?rest_route=%2Fwp%2Fv2%2Fmedia&parent=1564"}],"curies":[{"name":"wp","href":"https:\/\/api.w.org\/{rel}","templated":true}]}}