{"id":1914,"date":"2018-03-21T00:53:41","date_gmt":"2018-03-21T00:53:41","guid":{"rendered":"http:\/\/etab.cl\/clases\/uchile\/obj-tec\/?page_id=1914"},"modified":"2018-07-27T16:56:19","modified_gmt":"2018-07-27T16:56:19","slug":"tcf-1-2018","status":"publish","type":"page","link":"https:\/\/clases.etab.cl\/?page_id=1914","title":{"rendered":"TCF 1 &#8211; 2018"},"content":{"rendered":"<h1><strong>C1<\/strong><\/h1>\n<p>Texto entregado en clases<br \/>\n<a href=\"http:\/\/etab.cl\/clases\/pdfs\/The%20Cinematic-David%20C\/Traduccion%20when%20to%20be%20slow%20when%20to%20be%20fast%20-%20D%20Campany.pdf\" target=\"_blank\" rel=\"noopener\">Texto cinem\u00e1tica<\/a><\/p>\n<h1><strong>C4<\/strong><\/h1>\n<p>Emak Bakia: Man Ray<br \/>\nBallet Mecanique : Fernand Leger<br \/>\nAnemic Cinema : Marcel Duchamp<br \/>\nTiempo, velocidad: Futuristas, Giacomo Balla, Luigi Russolo, Umberto Boccioni, etc.<br \/>\nLa Jet\u00e9e : Chris Marker<br \/>\nBill Viola : <a href=\"https:\/\/youtu.be\/uenrts2YHdI\" target=\"_blank\" rel=\"noopener\">https:\/\/youtu.be\/uenrts2YHdI<\/a><br \/>\nCindy Sherman<br \/>\nJeff Wall<\/p>\n<h1><strong>C7<\/strong><\/h1>\n<p>Proyecto Gabinete<br \/>\n<a href=\"https:\/\/www.gabinetearte.com\/\" target=\"_blank\" rel=\"noopener\">https:\/\/www.gabinetearte.com\/<\/a><br \/>\nRa\u00fal Zurita<br \/>\nJuan Castillo<\/p>\n<p><strong>Encargo #1<\/strong><br \/>\nEstaremos trabajando a partir del encuentro entre fotograf\u00eda y tiempo, revisando su contexto con el audiovisual y el cine. En este contexto, cada una deber\u00e1 integrar los propios conceptos, po\u00e9tica, visualidad e intereses para la generaci\u00f3n de una secuencia de 5 im\u00e1genes en donde hagan aparecer todos estos aspectos.<br \/>\nAdem\u00e1s de estas 5 im\u00e1genes, deber\u00e1n trabajar los mismos t\u00f3picos (tiempo y lo propuesto por ustedes), pero llev\u00e1ndola a una sola imagen.<br \/>\nEn total deber\u00e1n trabajar 6 im\u00e1genes [secuencia de 5] + [imagen \u00fanica]<\/p>\n<p>Para la evaluaci\u00f3n deber\u00e1n montar sus trabajos, hacer una ficha t\u00e9cnica y un breve texto de entre 200 y 600 palabras describiendo aspectos de la producci\u00f3n del trabajo, t\u00e9cnica y aspectos po\u00e9tico-simb\u00f3licos y conceptuales. Este texto ser\u00e1 le\u00eddo al momento de entregar para la evaluaci\u00f3n.<\/p>\n<p>El objetivo principal de este ejercicio es el de entender el tiempo desde el concepto y la observaci\u00f3n, y no necesariamente ligarlo a la idea de un relato convencional en donde se cuenta una historia con un inicio y un final. Se trabajar\u00e1 el tiempo en toda la amplitud del concepto, proponi\u00e9ndolo desde los propios intereses y observaciones.<\/p>\n<p>El ejercicio ser\u00e1 evaluado de la siguiente manera:<br \/>\n&#8211; Visualidad: aspectos t\u00e9cnicos del trabajo fotogr\u00e1fico y montaje. [3ptos]<br \/>\n&#8211; Texto t\u00e9cnico-reflexivo: Correspondencia de los aspectos conceptuales requeridos por el ejercicio y el resultado. [2.1ptos]<br \/>\n&#8211; Desarrollo: como parte de la evaluaci\u00f3n, se tomar\u00e1 en cuenta el desarrollo del trabajo; dando importancia a la entrega clase a clase. [0.333ptos por cada avance para un m\u00e1ximo de 0.9ptos]<br \/>\n&#8211; [1pto base]<\/p>\n<p>Calendario de desarrollo del encargo:<br \/>\n26\/3\/2018 Mostrar posibilidades de secuencia e imagen \u00fanica (llevar m\u00e1s de una posibilidad). Formato digital. [0.3ptos]<br \/>\n06\/04\/2018 Llevar desarrollo de la secuencia e imagen \u00fanica.[0.3ptos]<br \/>\n09\/04\/2018 Llevar desarrollo de la secuencia e imagen \u00fanica.[0.3ptos]<br \/>\n13\/04\/2018 Instancia de correcci\u00f3n y evaluaci\u00f3n final.<\/p>\n<h1><strong>C9<\/strong><\/h1>\n<p>Hans Haacke<br \/>\nGordon Matta Clarck<br \/>\nVicente Garc\u00eda Plana<br \/>\nAlex Verhaest<br \/>\nBorges &#8211; El Inmortal<br \/>\nHans Peter Feldmann<\/p>\n<h1><strong>C10-C12<\/strong><\/h1>\n<p>Desarrollo de proyectos personales.<\/p>\n<h1><strong>C13<\/strong><\/h1>\n<p>Evaluaciones Ejercicio n\u00ba1: Secuencia y tiempo<br \/>\n<a href=\"https:\/\/docs.google.com\/spreadsheets\/d\/1Q8zjG9xgKJIC3ouGY3McgUZkAEbkYArGLd7Xvesdr6M\/edit?usp=sharing\" target=\"_blank\" rel=\"noopener\">https:\/\/docs.google.com\/spreadsheets\/d\/1Q8zjG9xgKJIC3ouGY3McgUZkAEbkYArGLd7Xvesdr6M\/edit?usp=sharing<\/a><\/p>\n<p><strong>Referencias en las artes visuales, la m\u00fasica y el audiovisual<\/strong><br \/>\n<a href=\"https:\/\/www.youtube.com\/watch?v=5Cb3ik6zP2I\" target=\"_blank\" rel=\"noopener\">The Shining<\/a><br \/>\n<a href=\"https:\/\/www.youtube.com\/watch?v=OiTiKOy59o4\" target=\"_blank\" rel=\"noopener\">Gravity<\/a><br \/>\n<a href=\"https:\/\/www.youtube.com\/watch?v=N9pOq8u6-bA\" target=\"_blank\" rel=\"noopener\">Pierre Schaeffer &#8211; Etude aux chemins de fer<\/a><br \/>\n<a href=\"https:\/\/www.youtube.com\/watch?v=io9M7-BepLk\" target=\"_blank\" rel=\"noopener\">Darren Almond and Jackob Kirkegaard<\/a><br \/>\n<a href=\"https:\/\/www.youtube.com\/watch?v=3bNLLBS1I7o\" target=\"_blank\" rel=\"noopener\">Jana Winderen &#8211; Sense of Latent Power<\/a><br \/>\n<a href=\"https:\/\/www.youtube.com\/watch?v=fU6qDeJPT-w\" target=\"_blank\" rel=\"noopener\">Steve Reich &#8211; Pendulum Music<\/a><br \/>\n<a href=\"https:\/\/www.youtube.com\/watch?v=QCp7bL-AWvw\" target=\"_blank\" rel=\"noopener\">Gy\u00f6rgy Ligeti &#8211; Poema sinf\u00f3nico para 100 metr\u00f3nomos<\/a><br \/>\n<a href=\"https:\/\/www.guggenheim.org\/artwork\/22128\" target=\"_blank\" rel=\"noopener\">Paul Kos &#8211; Sound of Ice Melting<\/a><br \/>\n<a href=\"http:\/\/www.nydigitalsalon.org\/10\/artwork.php?artwork=13\" target=\"_blank\" rel=\"noopener\">Nam June Paik &#8211; Random Access<\/a><br \/>\n<a href=\"https:\/\/vimeo.com\/15259734\" target=\"_blank\" rel=\"noopener\">Tristan Perich &#8211; Breathing Potraits<\/a><br \/>\n<a href=\"http:\/\/www.zimoun.net\/works.html\" target=\"_blank\" rel=\"noopener\">Zimoun<\/a><\/p>\n<p>Textos de referencia para el trabajo con sonido:<br \/>\n. Michel Chion: <a href=\"https:\/\/monoskop.org\/images\/0\/09\/Chion_Michel_La_audiovision_Introduccion_a_un_analisis_conjunto_de_la_imagen_y_el_sonido.pdf\" target=\"_blank\" rel=\"noopener\">La audiovisi\u00f3n<\/a><br \/>\n. Pierre Schaeffer: <a href=\"https:\/\/monoskop.org\/images\/1\/1e\/Schaeffer_Pierre_Tratado_de_los_objetos_musicales.pdf\" target=\"_blank\" rel=\"noopener\">Tratado de los objetos musicales<\/a><\/p>\n<p><strong>Ejercicio de caminata de escucha:<\/strong><br \/>\nElegir un espacio, lugar, no-lugar que tenga cualidades sonoras interesantes y por donde se pueda transitar por lo menos 20 minutos para realizar el ejercicio.<br \/>\nCon los antifaces puestos (u otra cosa para tapar los ojos), realizar una caminata de escucha acompa\u00f1ada de alguien que no tenga los ojos cubiertos, para que lleve la caminata.<br \/>\nGui\u00e1ndose por el texto de Hildegard Westerkamp (links a continuaci\u00f3n), poner atenci\u00f3n a los sonidos del entorno y contestar las preguntas que aparecen al final del documento.<br \/>\nLa persona que gu\u00eda, ir\u00e1 grabando con el celular u otro tipo de grabadora mientras se realiza la caminata sonora. ES MUY IMPORTANTE CAMINAR Y NO QUEDARSE EN UN SOLO LUGAR.<br \/>\n. Anotar las caracter\u00edsticas de cada sonido escuchado: posible fuente sonora, caracter\u00edsticas, adjetivos que se pueden asociar al sonido, etc.<br \/>\n. Traer este viernes a la clase la pista de sonido grabada durante la caminata de escucha, junto con el relato escrito de la experiencia de escucha.<br \/>\n. <a href=\"https:\/\/www.sfu.ca\/~westerka\/writings%20page\/articles%20pages\/soundwalking.html\" target=\"_blank\" rel=\"noopener\">Texto original &#8211; Hildegard Westerkamp<\/a><br \/>\n. <a href=\"https:\/\/docs.google.com\/document\/d\/18EJxFJ1xGPDK6BSDioUIvt2AuuH9rtLB0Gyq23y_Z-k\/edit?usp=sharing\" target=\"_blank\" rel=\"noopener\">Extracto traducido &#8211; Hildegard Westerkamp<\/a><\/p>\n<h1><strong>C14<\/strong><\/h1>\n<p>Descarga de programa de edici\u00f3n de audio (gratuito y multiplataforma) + Encoder mp3:<br \/>\n<a href=\"https:\/\/www.audacityteam.org\/download\/\">https:\/\/www.audacityteam.org\/download\/<\/a><br \/>\n<a href=\"http:\/\/manual.audacityteam.org\/man\/faq_installing_the_lame_mp3_encoder.html\" rel=\"noopener\" target=\"_blank\">http:\/\/manual.audacityteam.org\/man\/faq_installing_the_lame_mp3_encoder.html<\/a><\/p>\n<p><b>Grabaci\u00f3n: construcci\u00f3n de micr\u00f3fonos electret y contacto (piezo):<\/b><br \/>\nMicr\u00f3fono electret<br \/>\n<a href=\"http:\/\/etab.cl\/clases\/uchile\/obj-tec\/wp-content\/uploads\/2016\/04\/conexion-mic-electret.jpg\"><img loading=\"lazy\" decoding=\"async\" class=\"alignnone size-medium wp-image-1533\" src=\"http:\/\/etab.cl\/clases\/uchile\/obj-tec\/wp-content\/uploads\/2016\/04\/conexion-mic-electret-300x180.jpg\" alt=\"conexion mic electret\" width=\"300\" height=\"180\" srcset=\"https:\/\/clases.etab.cl\/wp-content\/uploads\/2016\/04\/conexion-mic-electret-300x180.jpg 300w, https:\/\/clases.etab.cl\/wp-content\/uploads\/2016\/04\/conexion-mic-electret-624x374.jpg 624w, https:\/\/clases.etab.cl\/wp-content\/uploads\/2016\/04\/conexion-mic-electret.jpg 1024w\" sizes=\"auto, (max-width: 300px) 100vw, 300px\" \/><br \/>\n<\/a>Componentes necesarios:<br \/>\n&#8211; 1 micr\u00f3fono electret<br \/>\n&#8211; 1 bater\u00eda de 9 volts<br \/>\n&#8211; 1 porta bater\u00eda o broche de bater\u00eda<br \/>\n&#8211; 1 plug 3,5&#8243; mono y un adaptador si es necesario (seg\u00fan la entrada de la grabadora o computador)<br \/>\n&#8211; 1 resistencia de 2.2 Ohm<br \/>\n&#8211; 1 capacitor o condensador electrol\u00edtico de 0,1uF (microfaradio)<br \/>\n&#8211; 1 metro de cable para micr\u00f3fono. El de di\u00e1metro m\u00e1s delgado.<\/p>\n<p>Micr\u00f3fono de contacto<br \/>\n<a href=\"http:\/\/etab.cl\/clases\/uchile\/obj-tec\/wp-content\/uploads\/2016\/04\/conexion-mic-contacto-piezo.png\"><img loading=\"lazy\" decoding=\"async\" class=\"alignnone size-medium wp-image-1534\" src=\"http:\/\/etab.cl\/clases\/uchile\/obj-tec\/wp-content\/uploads\/2016\/04\/conexion-mic-contacto-piezo-300x114.png\" alt=\"conexion mic contacto piezo\" width=\"300\" height=\"114\" srcset=\"https:\/\/clases.etab.cl\/wp-content\/uploads\/2016\/04\/conexion-mic-contacto-piezo-300x114.png 300w, https:\/\/clases.etab.cl\/wp-content\/uploads\/2016\/04\/conexion-mic-contacto-piezo-624x237.png 624w, https:\/\/clases.etab.cl\/wp-content\/uploads\/2016\/04\/conexion-mic-contacto-piezo.png 712w\" sizes=\"auto, (max-width: 300px) 100vw, 300px\" \/><br \/>\n<\/a>&#8211; 1 piezo o disco piezoel\u00e9ctrico<br \/>\n&#8211; 1 metro de cable para micr\u00f3fono. El de di\u00e1metro m\u00e1s delgado.<br \/>\n&#8211; 1 plug 3,5&#8243;\u00a0 + un adaptador si es necesario (seg\u00fan la entrada de la grabadora o computador)<\/p>\n<p>Micr\u00f3fono Inductor<br \/>\n<a href=\"http:\/\/etab.cl\/clases\/uchile\/obj-tec\/wp-content\/uploads\/2018\/03\/choke.jpg\"><img loading=\"lazy\" decoding=\"async\" src=\"http:\/\/etab.cl\/clases\/uchile\/obj-tec\/wp-content\/uploads\/2018\/03\/choke-300x300.jpg\" alt=\"choke\" width=\"300\" height=\"300\" class=\"alignnone size-medium wp-image-2023\" srcset=\"https:\/\/clases.etab.cl\/wp-content\/uploads\/2018\/03\/choke-300x300.jpg 300w, https:\/\/clases.etab.cl\/wp-content\/uploads\/2018\/03\/choke-150x150.jpg 150w, https:\/\/clases.etab.cl\/wp-content\/uploads\/2018\/03\/choke.jpg 500w\" sizes=\"auto, (max-width: 300px) 100vw, 300px\" \/><\/a><br \/>\n&#8211; 1 inductor de 100uH o mayor inductancia<br \/>\n&#8211; 1 metro de cable para micr\u00f3fono. El de di\u00e1metro m\u00e1s delgado.<br \/>\n&#8211; 1 plug 3,5&#8243;\u00a0 + un adaptador si es necesario (seg\u00fan la entrada de la grabadora o computador)<\/p>\n<p><strong>D\u00f3nde comprar los componentes<\/strong><br \/>\n<a href=\"http:\/\/www.victronics.cl\/\" target=\"_blank\">http:\/\/www.victronics.cl\/<\/a><br \/>\n<a href=\"http:\/\/www.olimex.cl\/\" target=\"_blank\">http:\/\/www.olimex.cl\/<\/a><br \/>\n<a href=\"http:\/\/www.casaroyal.cl\/\" target=\"_blank\">http:\/\/www.casaroyal.cl\/<\/a><br \/>\n\u2014 Digital Electr\u00f3nica: San Antonio 32 (subterr\u00e1neo), Stgo. Centro. F: 226324511<br \/>\n\u2013 Barrio San Diego:<br \/>\n\u2013 Ibarra: Calle San Diego 928 Santiago \u2013 Santiago, Chile, F: 2 672 39 63 \/ 2 672 94 05<br \/>\n\u2013 Electr\u00f3nica Orfali: San Diego 955, Santiago, F: 2 698 83 76<\/p>\n<h1>Encargo #2 : Fotograf\u00eda, sonido y fuera de campo<\/h1>\n<p>El segundo encargo consiste en relacionar sonido e imagen fija, iniciando el ejercicio con la creaci\u00f3n de una pista de audio desarrollada a partir de sonidos grabados por ustedes y luego editadas en Audacity. Esta pista de audio debe ser pensada como una composici\u00f3n-no musical, que evoque imaginarios, texturas y calidades sonoras particulares, que se relacionar\u00e1n con la fotograf\u00eda en torno a la idea de fuera de campo. <\/p>\n<p>A partir de esta pista sonora editada, deber\u00e1n proponer una imagen fotogr\u00e1fica desarrollada especialmente para el ejercicio y que dialogue de manera coherente con la propuesta sonora. (<a href=\"http:\/\/etab.cl\/clases\/pdfs\/CHION%20-%20sonido%20y%20fuera%20de%20campo.pdf\" rel=\"noopener\" target=\"_blank\">leer texto de Chion acerca del fuera de campo<\/a>).<\/p>\n<p>Todo esto deber\u00e1 ser montado el d\u00eda 18 de Mayo, considerando la relaci\u00f3n entre parlantes (emisor de sonido) e imagen (puede ser impresa, proyectada o en pantalla), seg\u00fan los aspectos instalativos y de montaje, escala de la imagen, volumen del sonido, etc.<\/p>\n<p>Los criterios de evaluaci\u00f3n ser\u00e1n los mismos de la entrega n\u00ba1.<\/p>\n<p>&nbsp;<\/p>\n<hr \/>\n<h1><strong>C22<\/strong><\/h1>\n<p><strong>Inicio Unidad 3: Manipulaci\u00f3n y edici\u00f3n de video<\/strong><br \/>\nVideos de referencia:<br \/>\n&#8211; <a href=\"https:\/\/www.youtube.com\/watch?v=WDwTQ57YyzI\" rel=\"noopener\" target=\"_blank\">Stranger than Fiction<\/a><br \/>\n&#8211; <a href=\"https:\/\/www.nytimes.com\/video\/opinion\/100000004882589\/ten-meter-tower.html?playlistId=100000003465294\" rel=\"noopener\" target=\"_blank\">Ten Meter Tower<\/a><br \/>\n&#8211; <a href=\"https:\/\/www.youtube.com\/watch?v=dl4pl_6zkXI&#038;t=699s\" rel=\"noopener\" target=\"_blank\">The Pillow Book<\/a><\/p>\n<h1><strong>Textos descargables y otras referencias:<\/strong><\/h1>\n<p><a href=\"http:\/\/etab.cl\/clases\/pdfs\/Textos%20fotografia%20y%20audiovisual\/The%20cinematic\/Traduccion%20when%20to%20be%20slow%20when%20to%20be%20fast%20-%20D%20Campany.pdf\" target=\"_blank\" rel=\"noopener\">http:\/\/etab.cl\/clases\/pdfs\/Textos%20fotografia%20y%20audiovisual\/The%20cinematic\/Traduccion%20when%20to%20be%20slow%20when%20to%20be%20fast%20-%20D%20Campany.pdf<\/a><br \/>\n<a href=\"http:\/\/www.medicinayarte.com\/img\/deleuzeestudios_sobre%20_cine%202_la%20imagen-tiempo.pdf\" target=\"_blank\" rel=\"noopener\">http:\/\/www.medicinayarte.com\/img\/deleuzeestudios_sobre%20_cine%202_la%20imagen-tiempo.pdf<\/a><br \/>\n<a href=\"https:\/\/monoskop.org\/images\/b\/be\/Bergson_Henri_Memoria_y_vida.pdf\" target=\"_blank\" rel=\"noopener\">https:\/\/monoskop.org\/images\/b\/be\/Bergson_Henri_Memoria_y_vida.pdf<\/a><br \/>\n<a href=\"https:\/\/www.sfu.ca\/~westerka\/writings.html\" target=\"_blank\" rel=\"noopener\">https:\/\/www.sfu.ca\/~westerka\/writings.html<br \/>\n<\/a>. Michel Chion:\u00a0<a href=\"https:\/\/monoskop.org\/images\/0\/09\/Chion_Michel_La_audiovision_Introduccion_a_un_analisis_conjunto_de_la_imagen_y_el_sonido.pdf\" target=\"_blank\" rel=\"noopener\">La audiovisi\u00f3n<\/a><br \/>\n. Pierre Schaeffer:\u00a0<a href=\"https:\/\/monoskop.org\/images\/1\/1e\/Schaeffer_Pierre_Tratado_de_los_objetos_musicales.pdf\" target=\"_blank\" rel=\"noopener\">Tratado de los objetos musicales<\/a><br \/>\n<a href=\"https:\/\/www.sfu.ca\/~westerka\/writings.html\" target=\"_blank\" rel=\"noopener\">\u00a0<\/a><\/p>\n","protected":false},"excerpt":{"rendered":"<p>C1 Texto entregado en clases Texto cinem\u00e1tica C4 Emak Bakia: Man Ray Ballet Mecanique : Fernand Leger Anemic Cinema : Marcel Duchamp Tiempo, velocidad: Futuristas, Giacomo Balla, Luigi Russolo, Umberto Boccioni, etc. La Jet\u00e9e : Chris Marker Bill Viola : https:\/\/youtu.be\/uenrts2YHdI Cindy Sherman Jeff Wall C7 Proyecto Gabinete https:\/\/www.gabinetearte.com\/ Ra\u00fal Zurita Juan Castillo Encargo #1 [&hellip;]<\/p>\n","protected":false},"author":1,"featured_media":0,"parent":0,"menu_order":0,"comment_status":"closed","ping_status":"closed","template":"","meta":{"_acf_changed":false,"footnotes":""},"class_list":["post-1914","page","type-page","status-publish","hentry"],"acf":[],"_links":{"self":[{"href":"https:\/\/clases.etab.cl\/index.php?rest_route=\/wp\/v2\/pages\/1914","targetHints":{"allow":["GET"]}}],"collection":[{"href":"https:\/\/clases.etab.cl\/index.php?rest_route=\/wp\/v2\/pages"}],"about":[{"href":"https:\/\/clases.etab.cl\/index.php?rest_route=\/wp\/v2\/types\/page"}],"author":[{"embeddable":true,"href":"https:\/\/clases.etab.cl\/index.php?rest_route=\/wp\/v2\/users\/1"}],"replies":[{"embeddable":true,"href":"https:\/\/clases.etab.cl\/index.php?rest_route=%2Fwp%2Fv2%2Fcomments&post=1914"}],"version-history":[{"count":44,"href":"https:\/\/clases.etab.cl\/index.php?rest_route=\/wp\/v2\/pages\/1914\/revisions"}],"predecessor-version":[{"id":2049,"href":"https:\/\/clases.etab.cl\/index.php?rest_route=\/wp\/v2\/pages\/1914\/revisions\/2049"}],"wp:attachment":[{"href":"https:\/\/clases.etab.cl\/index.php?rest_route=%2Fwp%2Fv2%2Fmedia&parent=1914"}],"curies":[{"name":"wp","href":"https:\/\/api.w.org\/{rel}","templated":true}]}}