{"id":2130,"date":"2019-03-12T22:22:23","date_gmt":"2019-03-12T22:22:23","guid":{"rendered":"http:\/\/etab.cl\/clases\/uchile\/obj-tec\/?page_id=2130"},"modified":"2019-08-06T21:24:45","modified_gmt":"2019-08-06T21:24:45","slug":"complementario-electronica-y-programacion-2019","status":"publish","type":"page","link":"https:\/\/clases.etab.cl\/?page_id=2130","title":{"rendered":"Complementario Electr\u00f3nica y Programaci\u00f3n 2019"},"content":{"rendered":"\n<p><strong>Objetivos del curso:<\/strong><br \/>Que el estudiante maneje herramientas electr\u00f3nico-digitales para la construcci\u00f3n del trabajo art\u00edstico personal, comprendiendo y conociendo el trabajo de artistas considerados en el contexto del arte, ciencia y tecnolog\u00eda.<\/p>\n<p><strong>Metodolog\u00eda:<\/strong><br \/>Las sesiones son principalmente de car\u00e1cter pr\u00e1ctico a partir de la exploraci\u00f3n, a trav\u00e9s de ejercicios guiados, de herramientas y componentes electr\u00f3nicos, as\u00ed como tambi\u00e9n del uso de microcontroladores compatibles con Arduino.<br \/>Al finalizar el curso, cada alumno deber\u00e1 haber propuesto un proyecto realizado a partir de los conocimientos adquiridos durante las clases. Este proyecto dar\u00e1 lugar a una evaluaci\u00f3n coeficiente uno.<br \/>Adem\u00e1s, durante todo el semestre, cada estudiante deber\u00e1 llevar una bit\u00e1cora en donde llevar\u00e1 un registro gr\u00e1fico, fotogr\u00e1fico, sonoro, audiovisual, etc. de los avances que vaya haciendo de su trabajo; as\u00ed como tambi\u00e9n el registro de referentes, ideas, dibujos y otros que puedan alimentar su procesos personales de concepci\u00f3n creativa.<\/p>\n<p><strong>Organizaci\u00f3n y evaluaciones:<\/strong><br \/><a href=\"https:\/\/docs.google.com\/spreadsheets\/d\/1vaVYoIZLCEqYcM2u59_vi0qNY-1GEpaK213tflSuYP8\/edit?usp=sharing\">https:\/\/docs.google.com\/spreadsheets\/d\/1vaVYoIZLCEqYcM2u59_vi0qNY-1GEpaK213tflSuYP8\/edit?usp=sharing<\/a><\/p>\n<p><strong>Bit\u00e1cora<\/strong><br \/>Cada alumno deber\u00e1 llevar una bit\u00e1cora en donde anotar\u00e1 de forma sostenida los procesos que emerjan a partir de los contenidos del curso.<br \/>Se sugiere usar\u00a0<a href=\"https:\/\/evernote.com\/\" target=\"_blank\" rel=\"noopener noreferrer\">Evernote<\/a>.<\/p>\n<p><strong>Materiales:<\/strong><br \/>Cada alumno deber\u00e1 contar con un set de materiales que deber\u00e1 ser llevado a cada clase. La lista de componentes ser\u00e1 informada oportunamente antes de cada sesi\u00f3n.<\/p>\n<p><strong>D\u00f3nde comprar los componentes y herramientas<\/strong><br \/><a href=\"http:\/\/www.victronics.cl\/\" target=\"_blank\" rel=\"noopener noreferrer\">http:\/\/www.victronics.cl\/<\/a><br \/><a href=\"http:\/\/www.olimex.cl\/\" target=\"_blank\" rel=\"noopener noreferrer\">http:\/\/www.olimex.cl\/<\/a><br \/><a href=\"http:\/\/www.casaroyal.cl\/\" target=\"_blank\" rel=\"noopener noreferrer\">http:\/\/www.casaroyal.cl\/<\/a><br \/>&#8212; Digital Electr\u00f3nica: San Antonio 32 (subterr\u00e1neo), Stgo. Centro. F: 226324511<br \/>&#8211; Barrio San Diego:<br \/>&#8211; Ibarra: Calle San Diego 928 Santiago \u2013 Santiago, Chile, F: 2 672 39 63 \/ 2 672 94 05<br \/>&#8211; Electr\u00f3nica Orfali: San Diego 955, Santiago, F: 2 698 83 76<\/p>\nAFEL: https:\/\/afel.cl\n<p><strong>Bibliograf\u00eda<\/strong><br \/><a href=\"http:\/\/loliel.narod.ru\/DIY.pdf\" target=\"_blank\" rel=\"noopener noreferrer\">Handmade Electronic Music<\/a>\u00a0-Nicolas Collins<br \/><a href=\"http:\/\/etab.cl\/clases\/pdfs\/fMims-electricidad.pdf\" target=\"_blank\" rel=\"noopener noreferrer\">http:\/\/etab.cl\/clases\/pdfs\/fMims-electricidad.pdf<\/a><br \/>Electronics Cookbook &#8211; Simon Monk &#8211; O&#8217;reilly<\/p>\n<p>&#8212;&#8212;<\/p>\n<h1><strong>C1<\/strong><\/h1>\n<p><strong>Lista de materiales:<\/strong><br \/><a href=\"https:\/\/docs.google.com\/spreadsheets\/d\/1yXjgOUAUCtcADU0gyt9BwXa3m2hB4CrxhLVPEEQIQU0\/edit?usp=sharing\">https:\/\/docs.google.com\/spreadsheets\/d\/1yXjgOUAUCtcADU0gyt9BwXa3m2hB4CrxhLVPEEQIQU0\/edit?usp=sharing<\/a><\/p>\n<p><strong>Evernote \/ Bit\u00e1cora:<\/strong><br \/><a href=\"https:\/\/evernote.com\/intl\/es\">https:\/\/evernote.com\/intl\/es<\/a><\/p>\n<p><strong>Organizaci\u00f3n y evaluaciones:<\/strong><br \/><a href=\"https:\/\/docs.google.com\/spreadsheets\/d\/1vaVYoIZLCEqYcM2u59_vi0qNY-1GEpaK213tflSuYP8\/edit?usp=sharing\">https:\/\/docs.google.com\/spreadsheets\/d\/1vaVYoIZLCEqYcM2u59_vi0qNY-1GEpaK213tflSuYP8\/edit?usp=sharing<\/a><\/p>\n<p><strong>Para la pr\u00f3xima sesi\u00f3n:<\/strong> llevar m\u00e1quinas de cualquier tipo para desarmar y hacer la cuenta de Evernote para la bit\u00e1cora envi\u00e1ndonos el link para poder\u00a0acceder.<\/p>\n<h1>&#8212;&#8212;&#8212;&#8211;<\/h1>\n<h1><strong>C4 &#8211; C5<\/strong><\/h1>\n<p><a href=\"http:\/\/etab.cl\/clases\/uchile\/obj-tec\/wp-content\/uploads\/2016\/04\/primeros-circuitos-A.jpeg\"><img loading=\"lazy\" decoding=\"async\" class=\"alignnone size-medium wp-image-1516\" src=\"http:\/\/etab.cl\/clases\/uchile\/obj-tec\/wp-content\/uploads\/2016\/04\/primeros-circuitos-A-233x300.jpeg\" alt=\"primeros circuitos A\" width=\"233\" height=\"300\" srcset=\"https:\/\/clases.etab.cl\/wp-content\/uploads\/2016\/04\/primeros-circuitos-A-233x300.jpeg 233w, https:\/\/clases.etab.cl\/wp-content\/uploads\/2016\/04\/primeros-circuitos-A-796x1024.jpeg 796w, https:\/\/clases.etab.cl\/wp-content\/uploads\/2016\/04\/primeros-circuitos-A-624x801.jpeg 624w\" sizes=\"auto, (max-width: 233px) 100vw, 233px\" \/><\/a> <a href=\"http:\/\/etab.cl\/clases\/uchile\/obj-tec\/wp-content\/uploads\/2016\/01\/primeros-circuitos-B.jpg\"><img loading=\"lazy\" decoding=\"async\" class=\"alignnone size-medium wp-image-1446\" src=\"http:\/\/etab.cl\/clases\/uchile\/obj-tec\/wp-content\/uploads\/2016\/01\/primeros-circuitos-B-233x300.jpg\" alt=\"primeros-circuitos-B\" width=\"233\" height=\"300\" srcset=\"https:\/\/clases.etab.cl\/wp-content\/uploads\/2016\/01\/primeros-circuitos-B-233x300.jpg 233w, https:\/\/clases.etab.cl\/wp-content\/uploads\/2016\/01\/primeros-circuitos-B-624x801.jpg 624w, https:\/\/clases.etab.cl\/wp-content\/uploads\/2016\/01\/primeros-circuitos-B.jpg 797w\" sizes=\"auto, (max-width: 233px) 100vw, 233px\" \/><\/a> <a href=\"http:\/\/etab.cl\/clases\/uchile\/obj-tec\/wp-content\/uploads\/2016\/01\/primeros-circuitos-A.jpg\"><img loading=\"lazy\" decoding=\"async\" class=\"alignnone size-medium wp-image-1445\" src=\"http:\/\/etab.cl\/clases\/uchile\/obj-tec\/wp-content\/uploads\/2016\/01\/primeros-circuitos-A-233x300.jpg\" alt=\"primeros-circuitos-A\" width=\"233\" height=\"300\" srcset=\"https:\/\/clases.etab.cl\/wp-content\/uploads\/2016\/01\/primeros-circuitos-A-233x300.jpg 233w, https:\/\/clases.etab.cl\/wp-content\/uploads\/2016\/01\/primeros-circuitos-A-624x801.jpg 624w, https:\/\/clases.etab.cl\/wp-content\/uploads\/2016\/01\/primeros-circuitos-A.jpg 797w\" sizes=\"auto, (max-width: 233px) 100vw, 233px\" \/><\/a>\u00a0<a href=\"http:\/\/etab.cl\/clases\/uchile\/obj-tec\/wp-content\/uploads\/2016\/01\/Carga-y-descarga-de-un-condensador.jpg\"><img loading=\"lazy\" decoding=\"async\" class=\"alignnone size-medium wp-image-1442\" src=\"http:\/\/etab.cl\/clases\/uchile\/obj-tec\/wp-content\/uploads\/2016\/01\/Carga-y-descarga-de-un-condensador-233x300.jpg\" alt=\"Carga-y-descarga-de-un-condensador\" width=\"233\" height=\"300\" srcset=\"https:\/\/clases.etab.cl\/wp-content\/uploads\/2016\/01\/Carga-y-descarga-de-un-condensador-233x300.jpg 233w, https:\/\/clases.etab.cl\/wp-content\/uploads\/2016\/01\/Carga-y-descarga-de-un-condensador-624x801.jpg 624w, https:\/\/clases.etab.cl\/wp-content\/uploads\/2016\/01\/Carga-y-descarga-de-un-condensador.jpg 797w\" sizes=\"auto, (max-width: 233px) 100vw, 233px\" \/><\/a><\/p>\n<p>Referencia: <a href=\"https:\/\/hacedores.com\/scrappy-circuits-circuitos-materiales-reciclados\/?fbclid=IwAR3Ij1zdRSmZdVE6ed09-N71PjqHT5FYVOV-jzWdCLv6sHg7IW_xX88N_fE\">Circuitos hechos con materiales de desecho<\/a><\/p>\n<p><iframe loading=\"lazy\" title=\"Collin&#039;s Lab: Switches\" width=\"625\" height=\"352\" src=\"https:\/\/www.youtube.com\/embed\/S2AHimvbovI?feature=oembed\" frameborder=\"0\" allow=\"accelerometer; autoplay; clipboard-write; encrypted-media; gyroscope; picture-in-picture; web-share\" referrerpolicy=\"strict-origin-when-cross-origin\" allowfullscreen><\/iframe><\/p>\n<h1>&#8212;&#8212;&#8212;&#8211;<\/h1>\n<h1><strong>C6<\/strong><\/h1>\n<p><a href=\"http:\/\/etab.cl\/clases\/uchile\/obj-tec\/wp-content\/uploads\/2019\/03\/circuito-555-astable.png\"><img loading=\"lazy\" decoding=\"async\" class=\"alignnone size-small wp-image-2152\" src=\"http:\/\/etab.cl\/clases\/uchile\/obj-tec\/wp-content\/uploads\/2019\/03\/circuito-555-astable-233x300.png\" alt=\"circuito-555-astable\" width=\"233\" height=\"300\" srcset=\"https:\/\/clases.etab.cl\/wp-content\/uploads\/2019\/03\/circuito-555-astable-233x300.png 233w, https:\/\/clases.etab.cl\/wp-content\/uploads\/2019\/03\/circuito-555-astable-768x988.png 768w, https:\/\/clases.etab.cl\/wp-content\/uploads\/2019\/03\/circuito-555-astable.png 796w, https:\/\/clases.etab.cl\/wp-content\/uploads\/2019\/03\/circuito-555-astable-624x803.png 624w\" sizes=\"auto, (max-width: 233px) 100vw, 233px\" \/><\/a><\/p>\n<p><a href=\"http:\/\/etab.cl\/clases\/uchile\/obj-tec\/wp-content\/uploads\/2019\/03\/Make-electronics-184.png\"><img loading=\"lazy\" decoding=\"async\" class=\"alignnone size-medium wp-image-2153\" src=\"http:\/\/etab.cl\/clases\/uchile\/obj-tec\/wp-content\/uploads\/2019\/03\/Make-electronics-184-212x300.png\" alt=\"Make electronics 184\" width=\"212\" height=\"300\" srcset=\"https:\/\/clases.etab.cl\/wp-content\/uploads\/2019\/03\/Make-electronics-184-212x300.png 212w, https:\/\/clases.etab.cl\/wp-content\/uploads\/2019\/03\/Make-electronics-184.png 600w\" sizes=\"auto, (max-width: 212px) 100vw, 212px\" \/><\/a><\/p>\n<p>Referencia: <a href=\"https:\/\/mikitronic.blogspot.com\/2011\/09\/diagrama-circuito-piano-electronico.html\">teclado con timer 555<\/a><\/p>\n<p>&#8212;&#8212;<\/p>\n<h1><strong>C7<\/strong><\/h1>\n<p><a href=\"http:\/\/etab.cl\/clases\/uchile\/obj-tec\/wp-content\/uploads\/2016\/01\/circuito-secuenciador-555-y-4017.jpg\"><img loading=\"lazy\" decoding=\"async\" class=\"alignnone size-medium wp-image-1444\" src=\"http:\/\/etab.cl\/clases\/uchile\/obj-tec\/wp-content\/uploads\/2016\/01\/circuito-secuenciador-555-y-4017-300x232.jpg\" alt=\"circuito-secuenciador-555-y-4017\" width=\"300\" height=\"232\" srcset=\"https:\/\/clases.etab.cl\/wp-content\/uploads\/2016\/01\/circuito-secuenciador-555-y-4017-300x232.jpg 300w, https:\/\/clases.etab.cl\/wp-content\/uploads\/2016\/01\/circuito-secuenciador-555-y-4017-624x482.jpg 624w, https:\/\/clases.etab.cl\/wp-content\/uploads\/2016\/01\/circuito-secuenciador-555-y-4017.jpg 1024w\" sizes=\"auto, (max-width: 300px) 100vw, 300px\" \/><\/a><\/p>\n<p><a href=\"http:\/\/etab.cl\/clases\/uchile\/obj-tec\/wp-content\/uploads\/2015\/04\/breathing-LED.png\"><img loading=\"lazy\" decoding=\"async\" class=\"alignnone size-medium wp-image-1149\" src=\"http:\/\/etab.cl\/clases\/uchile\/obj-tec\/wp-content\/uploads\/2015\/04\/breathing-LED-300x216.png\" alt=\"breathing-LED\" width=\"300\" height=\"216\" srcset=\"https:\/\/clases.etab.cl\/wp-content\/uploads\/2015\/04\/breathing-LED-300x216.png 300w, https:\/\/clases.etab.cl\/wp-content\/uploads\/2015\/04\/breathing-LED.png 624w\" sizes=\"auto, (max-width: 300px) 100vw, 300px\" \/><\/a><\/p>\n<p>&#8212;&#8211;<\/p>\n<h1><strong>C8<\/strong><\/h1>\n<p><a href=\"http:\/\/www.etab.cl\/clases\/pdfs\/FM-Timer555.pdf\" target=\"_blank\" rel=\"noopener noreferrer\">Circuitos Timer 555 FM<\/a><\/p>\n<p><a href=\"http:\/\/etab.cl\/clases\/uchile\/obj-tec\/wp-content\/uploads\/2018\/09\/Captura-de-pantalla-2018-09-08-a-las-20.57.58.png\"><img loading=\"lazy\" decoding=\"async\" class=\"alignnone size-medium wp-image-2058\" src=\"http:\/\/etab.cl\/clases\/uchile\/obj-tec\/wp-content\/uploads\/2018\/09\/Captura-de-pantalla-2018-09-08-a-las-20.57.58-198x300.png\" alt=\"Captura de pantalla 2018-09-08 a la(s) 20.57.58\" width=\"198\" height=\"300\" srcset=\"https:\/\/clases.etab.cl\/wp-content\/uploads\/2018\/09\/Captura-de-pantalla-2018-09-08-a-las-20.57.58-198x300.png 198w, https:\/\/clases.etab.cl\/wp-content\/uploads\/2018\/09\/Captura-de-pantalla-2018-09-08-a-las-20.57.58.png 450w\" sizes=\"auto, (max-width: 198px) 100vw, 198px\" \/><\/a><\/p>\n<p><a href=\"http:\/\/etab.cl\/clases\/uchile\/obj-tec\/wp-content\/uploads\/2018\/03\/diagrama-circuito-vumetro.png\"><img loading=\"lazy\" decoding=\"async\" class=\"alignnone size-medium wp-image-1971\" src=\"http:\/\/etab.cl\/clases\/uchile\/obj-tec\/wp-content\/uploads\/2018\/03\/diagrama-circuito-vumetro-300x135.png\" alt=\"diagrama-circuito-vumetro\" width=\"300\" height=\"135\" srcset=\"https:\/\/clases.etab.cl\/wp-content\/uploads\/2018\/03\/diagrama-circuito-vumetro-300x135.png 300w, https:\/\/clases.etab.cl\/wp-content\/uploads\/2018\/03\/diagrama-circuito-vumetro-768x345.png 768w, https:\/\/clases.etab.cl\/wp-content\/uploads\/2018\/03\/diagrama-circuito-vumetro-624x280.png 624w, https:\/\/clases.etab.cl\/wp-content\/uploads\/2018\/03\/diagrama-circuito-vumetro.png 850w\" sizes=\"auto, (max-width: 300px) 100vw, 300px\" \/><\/a><\/p>\n<p><iframe loading=\"lazy\" title=\"Jos\u00e9 Vicente Asuar - El computador Virtuoso\" width=\"625\" height=\"469\" src=\"https:\/\/www.youtube.com\/embed\/SlTrmYWhvRk?feature=oembed\" frameborder=\"0\" allow=\"accelerometer; autoplay; clipboard-write; encrypted-media; gyroscope; picture-in-picture; web-share\" referrerpolicy=\"strict-origin-when-cross-origin\" allowfullscreen><\/iframe><\/p>\n<p>https:\/\/vimeo.com\/59829961<\/p>\n<p>&#8212;&#8211;<\/p>\n<h1><strong>C9<\/strong><\/h1>\n<p><strong>Referentes vistos en la clase:<\/strong><br \/>Pulse room &#8211; Lozano Hemmer<br \/>Machine with Abandoned Doll &#8211; Arthur Ganson<br \/>Monuments &#8211; Christian Boltanski<br \/>la necesidad de jugar &#8211; Norton Maza<br \/>Spy Box &#8211; Tim Knowles<br \/>Nightwalk &#8211; Tim Knowles<\/p>\n<p>Texto entregado en clase: <a href=\"https:\/\/drive.google.com\/open?id=0Bz4-7WlTvEzWampHQlVXTzBaM2lhOEJaRThyRjEwX0dYeFBv\" target=\"_blank\" rel=\"noopener noreferrer\">Valentina Montero &#8211; Hechizos<\/a><\/p>\n\n<h3><strong>1er encargo &#8211; Electr\u00f3nica, luz y sonido<\/strong><\/h3>\n<p>Pensar a partir de los circuitos construidos hasta ahora (VUmetro y 555 astable, amplificador con 386, etc.), un ejercicio de creaci\u00f3n autoral a partir de la reflexi\u00f3n acerca del sonido \/ luz que emite y sus caracter\u00edsticas f\u00edsicas.<\/p>\n<p>El ejercicio puede ser planteado como un objeto, instalaci\u00f3n, intervenci\u00f3n de espacio, performance y otros, cuidando hacer dialogar la circuiter\u00eda con otros elementos y materiales.<\/p>\n<p>El objetivo de este ejercicio, es lograr extender los alcances de los recursos electr\u00f3nicos aprendidos m\u00e1s all\u00e1 del resultado t\u00e9cnico, carg\u00e1ndolo de sentido formal, conceptual y simb\u00f3lico.<\/p>\n<p>Se evaluar\u00e1 en base a la coherencia entre la propuesta y el resultado, as\u00ed como el aspecto formal logrado en el ejercicio. A esto, se sumar\u00e1 tambi\u00e9n el contenido de la bit\u00e1cora que deber\u00e1 comprender dibujos, registro fotogr\u00e1fico, sonoro y\/o audiovisual, referentes y anotaciones de orden reflexivo, de observaci\u00f3n o planificaci\u00f3n.<\/p>\n<p>La fecha de entrega de este ejercicio es el d\u00eda <strong>23 de Abril<\/strong> de 2019.<\/p>\n<p>&#8212;&#8212;<\/p>\n<h1><strong>C10<\/strong><\/h1>\n<p>Referente: <a href=\"https:\/\/www.loselectros.com\/biblio\/\" target=\"_blank\" rel=\"noopener noreferrer\">https:\/\/www.loselectros.com\/biblio\/<\/a><\/p>\n<p>\u00a0<\/p>\n<h3><strong>2\u00ba encargo &#8211; Input<>Output<\/strong><\/h3>\n","protected":false},"excerpt":{"rendered":"<p>Objetivos del curso:Que el estudiante maneje herramientas electr\u00f3nico-digitales para la construcci\u00f3n del trabajo art\u00edstico personal, comprendiendo y conociendo el trabajo de artistas considerados en el contexto del arte, ciencia y tecnolog\u00eda. Metodolog\u00eda:Las sesiones son principalmente de car\u00e1cter pr\u00e1ctico a partir de la exploraci\u00f3n, a trav\u00e9s de ejercicios guiados, de herramientas y componentes electr\u00f3nicos, as\u00ed como [&hellip;]<\/p>\n","protected":false},"author":1,"featured_media":0,"parent":2127,"menu_order":0,"comment_status":"closed","ping_status":"closed","template":"","meta":{"_acf_changed":false,"footnotes":""},"class_list":["post-2130","page","type-page","status-publish","hentry"],"acf":[],"_links":{"self":[{"href":"https:\/\/clases.etab.cl\/index.php?rest_route=\/wp\/v2\/pages\/2130","targetHints":{"allow":["GET"]}}],"collection":[{"href":"https:\/\/clases.etab.cl\/index.php?rest_route=\/wp\/v2\/pages"}],"about":[{"href":"https:\/\/clases.etab.cl\/index.php?rest_route=\/wp\/v2\/types\/page"}],"author":[{"embeddable":true,"href":"https:\/\/clases.etab.cl\/index.php?rest_route=\/wp\/v2\/users\/1"}],"replies":[{"embeddable":true,"href":"https:\/\/clases.etab.cl\/index.php?rest_route=%2Fwp%2Fv2%2Fcomments&post=2130"}],"version-history":[{"count":29,"href":"https:\/\/clases.etab.cl\/index.php?rest_route=\/wp\/v2\/pages\/2130\/revisions"}],"predecessor-version":[{"id":2400,"href":"https:\/\/clases.etab.cl\/index.php?rest_route=\/wp\/v2\/pages\/2130\/revisions\/2400"}],"up":[{"embeddable":true,"href":"https:\/\/clases.etab.cl\/index.php?rest_route=\/wp\/v2\/pages\/2127"}],"wp:attachment":[{"href":"https:\/\/clases.etab.cl\/index.php?rest_route=%2Fwp%2Fv2%2Fmedia&parent=2130"}],"curies":[{"name":"wp","href":"https:\/\/api.w.org\/{rel}","templated":true}]}}