{"id":37,"date":"2013-08-18T23:09:25","date_gmt":"2013-08-18T23:09:25","guid":{"rendered":"http:\/\/etab.cl\/clases\/uchile\/obj-tec\/?page_id=37"},"modified":"2013-08-18T23:53:42","modified_gmt":"2013-08-18T23:53:42","slug":"hardware-test","status":"publish","type":"page","link":"https:\/\/clases.etab.cl\/?page_id=37","title":{"rendered":"Hardware"},"content":{"rendered":"<p><a href=\"http:\/\/es.wikipedia.org\/wiki\/Hardware\">http:\/\/es.wikipedia.org\/wiki\/Hardware<\/a><\/p>\n<p>El t\u00e9rmino\u00a0<i><b>hardware<\/b><\/i>\u00a0(pronunciaci\u00f3n\u00a0<a title=\"Alfabeto Fon\u00e9tico Internacional\" href=\"http:\/\/es.wikipedia.org\/wiki\/Alfabeto_Fon%C3%A9tico_Internacional\">AFI<\/a>:\u00a0[\u02c8h\u0251\u02d0d\u02ccw\u025b\u0259]\u00a0\u00f3\u00a0[\u02c8h\u0251\u0279d\u02ccw\u025b\u025a]) se refiere a todas las partes tangibles de un\u00a0<a title=\"Sistema inform\u00e1tico\" href=\"http:\/\/es.wikipedia.org\/wiki\/Sistema_inform%C3%A1tico\">sistema inform\u00e1tico<\/a>; sus componentes son: el\u00e9ctricos, electr\u00f3nicos, electromec\u00e1nicos y mec\u00e1nicos.<sup id=\"cite_ref-AAFA_1-0\"><a href=\"http:\/\/es.wikipedia.org\/wiki\/Hardware#cite_note-AAFA-1\">1<\/a><\/sup>\u00a0Son cables, gabinetes o cajas,\u00a0<a title=\"Perif\u00e9rico (inform\u00e1tica)\" href=\"http:\/\/es.wikipedia.org\/wiki\/Perif%C3%A9rico_(inform%C3%A1tica)\">perif\u00e9ricos<\/a>\u00a0de todo tipo y cualquier otro elemento f\u00edsico involucrado; contrariamente, el soporte l\u00f3gico es intangible y es llamado\u00a0<i><a title=\"Software\" href=\"http:\/\/es.wikipedia.org\/wiki\/Software\">software<\/a><\/i>. El t\u00e9rmino es propio del<a title=\"Idioma ingl\u00e9s\" href=\"http:\/\/es.wikipedia.org\/wiki\/Idioma_ingl%C3%A9s\">idioma ingl\u00e9s<\/a>\u00a0(literalmente traducido:\u00a0<i>partes duras<\/i>), su traducci\u00f3n al espa\u00f1ol no tiene un significado acorde, por tal motivo se la ha adoptado tal cual es y suena; la\u00a0<a title=\"Real Academia Espa\u00f1ola\" href=\"http:\/\/es.wikipedia.org\/wiki\/Real_Academia_Espa%C3%B1ola\">Real Academia Espa\u00f1ola<\/a>\u00a0lo define como \u00abConjunto de los componentes que integran la parte material de una computadora\u00bb.<sup id=\"cite_ref-2\"><a href=\"http:\/\/es.wikipedia.org\/wiki\/Hardware#cite_note-2\">2<\/a><\/sup>\u00a0El t\u00e9rmino, aunque sea lo m\u00e1s com\u00fan, no solamente se aplica a las computadoras; del mismo modo, tambi\u00e9n un\u00a0<a title=\"Robot\" href=\"http:\/\/es.wikipedia.org\/wiki\/Robot\">robot<\/a>, un<a title=\"Telefon\u00eda m\u00f3vil\" href=\"http:\/\/es.wikipedia.org\/wiki\/Telefon%C3%ADa_m%C3%B3vil\">tel\u00e9fono m\u00f3vil<\/a>, una\u00a0<a title=\"C\u00e1mara fotogr\u00e1fica\" href=\"http:\/\/es.wikipedia.org\/wiki\/C%C3%A1mara_fotogr%C3%A1fica\">c\u00e1mara fotogr\u00e1fica<\/a>\u00a0o un\u00a0<a title=\"Reproductor multimedia digital\" href=\"http:\/\/es.wikipedia.org\/wiki\/Reproductor_multimedia_digital\">reproductor multimedia<\/a>poseen\u00a0<i>hardware<\/i>\u00a0(y\u00a0<i>software<\/i>).<sup id=\"cite_ref-3\"><a href=\"http:\/\/es.wikipedia.org\/wiki\/Hardware#cite_note-3\">3<\/a><\/sup>\u00a0<sup id=\"cite_ref-4\"><a href=\"http:\/\/es.wikipedia.org\/wiki\/Hardware#cite_note-4\">4<\/a><\/sup><\/p>\n","protected":false},"excerpt":{"rendered":"<p>http:\/\/es.wikipedia.org\/wiki\/Hardware El t\u00e9rmino\u00a0hardware\u00a0(pronunciaci\u00f3n\u00a0AFI:\u00a0[\u02c8h\u0251\u02d0d\u02ccw\u025b\u0259]\u00a0\u00f3\u00a0[\u02c8h\u0251\u0279d\u02ccw\u025b\u025a]) se refiere a todas las partes tangibles de un\u00a0sistema inform\u00e1tico; sus componentes son: el\u00e9ctricos, electr\u00f3nicos, electromec\u00e1nicos y mec\u00e1nicos.1\u00a0Son cables, gabinetes o cajas,\u00a0perif\u00e9ricos\u00a0de todo tipo y cualquier otro elemento f\u00edsico involucrado; contrariamente, el soporte l\u00f3gico es intangible y es llamado\u00a0software. El t\u00e9rmino es propio delidioma ingl\u00e9s\u00a0(literalmente traducido:\u00a0partes duras), su traducci\u00f3n al espa\u00f1ol no [&hellip;]<\/p>\n","protected":false},"author":1,"featured_media":0,"parent":0,"menu_order":0,"comment_status":"closed","ping_status":"open","template":"","meta":{"_acf_changed":false,"footnotes":""},"class_list":["post-37","page","type-page","status-publish","hentry"],"acf":[],"_links":{"self":[{"href":"https:\/\/clases.etab.cl\/index.php?rest_route=\/wp\/v2\/pages\/37","targetHints":{"allow":["GET"]}}],"collection":[{"href":"https:\/\/clases.etab.cl\/index.php?rest_route=\/wp\/v2\/pages"}],"about":[{"href":"https:\/\/clases.etab.cl\/index.php?rest_route=\/wp\/v2\/types\/page"}],"author":[{"embeddable":true,"href":"https:\/\/clases.etab.cl\/index.php?rest_route=\/wp\/v2\/users\/1"}],"replies":[{"embeddable":true,"href":"https:\/\/clases.etab.cl\/index.php?rest_route=%2Fwp%2Fv2%2Fcomments&post=37"}],"version-history":[{"count":3,"href":"https:\/\/clases.etab.cl\/index.php?rest_route=\/wp\/v2\/pages\/37\/revisions"}],"predecessor-version":[{"id":58,"href":"https:\/\/clases.etab.cl\/index.php?rest_route=\/wp\/v2\/pages\/37\/revisions\/58"}],"wp:attachment":[{"href":"https:\/\/clases.etab.cl\/index.php?rest_route=%2Fwp%2Fv2%2Fmedia&parent=37"}],"curies":[{"name":"wp","href":"https:\/\/api.w.org\/{rel}","templated":true}]}}